 Let i be d*(-6)/12 + -6. Let b(w) = 2*w + 1. Give b(i).
-13
Let j be 24/(-10) - 8/(-20). Let z(v) = 3*v - 9. Suppose 5*s = 10 - 20. Let w(p) = p - 1. Let d(a) = s*z(a) + 18*w(a). What is d(j)?
-24
Suppose -10*c - 2*z = -11*c - 8, -4*c - 5*z + 33 = 0. Let a(l) = -3*l + 8 + c*l + 2*l. Calculate a(-5).
3
Suppose -3*d + 12 = -132. Suppose -7*l + 9*l - d = 0. Suppose -19*j + 15*j + l = 0. Let u(b) = b**3 - 5*b**2 - 9*b + 5. Give u(j).
-13
Let k(l) = -27*l - 1. Let p(w) = -w. Let o(z) = -k(z) + 6*p(z). Let g = -498 - -500. Determine o(g).
43
Let x(u) = 2*u**2 + 5*u - 2. Suppose -115*v + 24 = -127*v. Give x(v).
-4
Let s(g) be the second derivative of -g**4/6 - 5*g**3/2 - 12*g**2 + 230*g + 3. Determine s(-9).
-51
Let w = 7 + 0. Let h(b) = -15 - 31*b**2 + 5*b + 34*b**2 - 4*b**2 + 12. Determine h(w).
-17
Suppose -7*y - 1489 = 450. Let t = -283 - y. Let i(f) = -2*f - 4. Determine i(t).
8
Let o(y) = 44*y**3 + 4*y**2 - 2*y + 1. Let t(w) = -61*w**3 - 5*w**2 + 2*w - 1. Let l(d) = -4*o(d) - 3*t(d). Determine l(2).
55
Suppose -4*b + 23 - 59 = 0. Let p(i) = -11 - 32 + 0*i - i + 30. What is p(b)?
-4
Let w(v) be the first derivative of 1/2*v**2 + 0*v - 4*v**3 + 136. Determine w(-1).
-13
Let a(q) = 2*q - 3. Suppose -u = 3*b + u - 12, u - 3 = 0. Suppose -c + 19 = b*c - 4*j, 4*c - 2*j - 22 = 0. What is a(c)?
7
Let v(p) = -42*p + 1928. Let h be v(46). Let n(l) = l**3 + 3*l**2 - 8*l + 7. What is n(h)?
23
Let x(w) = 0*w**3 - 5*w**2 + w**3 - w + 1 + w. Let h = -38 - -20. Let b be (-2 + -1)*-3*(-10)/h. What is x(b)?
1
Suppose 0 = 4*d + 2*w + 2*w - 132, 5*d - 5*w - 125 = 0. Let q(b) = -b**2 + 32*b - 81. Determine q(d).
6
Let i(o) be the second derivative of -o**3/2 - o**2 - 2*o. Suppose 2*z + 9 = -3, -5*j = -3*z - 8. Calculate i(j).
4
Let m(y) = y**2 + 11*y + 2. Let h be m(-11). Let n be -2*(25/10 - h). Let v(l) = l**3 + 2*l**3 - 2*l**3. Give v(n).
-1
Let t(u) = 4*u**3 - u**2 - 8*u + 3. Let b be 696/(-812) - 27/(-7). Calculate t(b).
78
Let v(z) = -z**3 + 2447*z + 1 + 24*z**2 - 1237*z - 1254*z + 8. What is v(22)?
9
Let i(o) = -o - 4. Let r be (-366)/20 - (-747)/2490. Calculate i(r).
14
Suppose 3*t - 5*u = 23, -4*u + 8 = 4*t - 5*u. Let n be 1*(3 - (-3 - (-9 - t))). Let p(a) = 5*a - 2 + 2 + a**2. What is p(n)?
-4
Let h be (2/3)/(1/3). Let o(p) be the second derivative of p**5/30 - p**4/12 - 41*p**3/2 - 2*p + 7. Let w(m) be the second derivative of o(m). Give w(h).
6
Let j(q) = -207*q + 35. Let m(y) = -1295*y + 210. Let z(l) = 25*j(l) - 4*m(l). Let p(b) = b**3 + b**2 - 4*b. Let a be p(-3). Determine z(a).
5
Let z = 547 - 545. Suppose z*k - 26 + 24 = 0. Let n(c) = -45*c**2 - c. Give n(k).
-46
Let y(p) = -p**3 + 5*p + 3. Suppose 4*v = -4*v + 72. Suppose -3*l + 14*g = 13*g + v, -l - 3*g - 3 = 0. What is y(l)?
15
Let v(u) = 4*u + 2. Suppose -4*x - x - 15 = 0. Let p(o) = -7*o - 4. Let m(c) = x*p(c) - 5*v(c). Let r be (-11)/(1144/(-39))*8. What is m(r)?
5
Let n(o) be the second derivative of o**3/6 - 3*o**2/2 - o - 176. Let y(q) = q + 6. Let t be y(0). What is n(t)?
3
Let c(u) = u. Let z(h) = h**3 + 3*h**2 - 5*h. Let a be z(-4). Suppose a*y - 1 = 47. Suppose -9 = -7*j + y. Give c(j).
3
Let i(l) = -l**2 + 46*l + 51. Let z be i(48). Let j(w) = 2*w**2 + 93*w + 129. Calculate j(z).
-6
Let r(f) be the third derivative of f**5/60 - 35*f**4/24 + 19*f**3/2 - 1788*f**2. What is r(33)?
-9
Suppose -1007*g + 1005*g - 3 = 3*d, 4*g + 5*d = -1. Let o(p) = -p**2 + 6*p + 4. Give o(g).
4
Let d(n) = -37*n + 115. Let y be d(7). Let p be (y/60)/(3/10). Let o(g) = -2*g - 8. Give o(p).
8
Suppose -2*o - 2 + 16 = 4*u, u = 4*o - 19. Let s(m) = 2*m + 1. Let b(i) = -3*i. Let n(d) = u*b(d) + 2*s(d). Give n(3).
5
Suppose 0 = 28*x - 177 + 261. Let p(i) = i**3 + 2*i - 2. Calculate p(x).
-35
Let v(u) = u**2 + 9*u - 3*u + 4 + 2*u + 2. Suppose 3*g + 21 = 0, -55*o - 5*g = -56*o + 27. Calculate v(o).
6
Let y = 5349 + -5347. Let c(l) be the first derivative of 5*l - 2*l**3 + 4*l**y - 7 - 1/4*l**4. Calculate c(-7).
-2
Let t(g) = -5*g**2 - 4*g + 12. Let b(h) = -9*h**2 - 8*h + 23. Let z(w) = 6*b(w) - 11*t(w). Let c = 1 + 9. Let d be 44/c + 2/(-5). Determine z(d).
6
Let z be 22/6 - 8/12. Suppose -a + 11 = z. Let d(u) be the second derivative of u**4/12 - 7*u**3/6 + 3*u**2 - 846*u. Give d(a).
14
Let n(c) = -c + 20. Suppose -8 = 2*p, 4*p - 2*p + 178 = 2*f. Let a = -81 + f. Suppose 3*w + 4*o - 8 = 0, -4 = 5*w + 2*o - a*o. Determine n(w).
20
Let p(y) = -6 + 0*y - y + 9 + 9. Let v = -66 - -68. Suppose 2*f = 3*f + v*f. Calculate p(f).
12
Let m(l) = -l**3 + l**2 + l - 4. Let v be m(0). Let j(y) = -35*y**2 - 2*y + 7. Let u(s) = -53*s**2 - 3*s + 9. Let q(x) = -3*j(x) + 2*u(x). Give q(v).
-19
Suppose 2*s - 4 = -6. Let r be ((-9)/(27/12))/s. Let g(w) = r + 6*w - 5*w + 0*w. Calculate g(-6).
-2
Let i(t) = -t - 11. Suppose 6*l - 1592 = 2*l. Suppose 0 = 5*s + 428 - l. Give i(s).
-5
Let k(t) = 21*t**2 + 8*t + 26. Let o(u) = -57*u**2 - 25*u - 71. Let h(i) = -11*k(i) - 4*o(i). Calculate h(8).
-98
Let t(h) = -h - 10. Let a(i) = i**2 + 14*i - 42. Let k be a(-18). Suppose 3*w - 10 = -s, 4*s - 6*s = -4*w + k. Determine t(s).
-5
Let q(m) = m - 10. Let h = -35070 - -35066. Determine q(h).
-14
Let z(h) = 6 + 54*h - 98*h + h**2 - 3 + h**3 + 48*h + 13*h**3. Determine z(-1).
-14
Let s(c) = -321*c**3 - 7*c**2 - 39*c + 40. Let w(b) = -128*b**3 - 4*b**2 - 19*b + 20. Let z(l) = 2*s(l) - 5*w(l). Give z(6).
-134
Suppose 10*a = 15 - 1 + 6. Let m(s) = -4*s**2 + 24*s - 47. Calculate m(a).
-15
Suppose -5 = -2*a + 2*u - 17, 2*a + 12 = -u. Let r(z) = -4 + 6 + 4 - 1023*z + 1021*z. Give r(a).
18
Let c(o) = 10*o + 8. Let s(z) = 7*z + 5. Let n(v) = 5*c(v) - 7*s(v). Suppose 68*g - 26*g = 1638. Suppose -g*h + 65*h = 0. Calculate n(h).
5
Let x(v) = 4*v**2 - 26*v**3 + v**2 + 1166 + 2*v**2 + 4*v + 27*v**3 - 1167. Give x(-5).
29
Let g(n) = n**2 + 4*n + 6. Let j = 76 - 79. Let w be g(j). Suppose 4*p - 14 = -2*d + 7*p, w*p + 22 = 4*d. Let a(f) = 2*f**2 - 4*f + 1. Determine a(d).
17
Let v(j) = 11*j**2 - 3*j - 25. Let x(i) = -5*i**2 + i + 12. Let n(d) = 6*v(d) + 13*x(d). Let l(a) = a - 1. Let q(s) = -2*l(s) - n(s). Give q(3).
-4
Suppose 4*q - 5*t + 2 = 0, 5*q - 4 = -2*t + 10. Let o(a) = 1 + 0*a - 3*a + 3*a - 2*a + a**q. What is o(3)?
4
Let v(z) be the second derivative of -z**5/5 + z**4/12 + z**3/6 - z**2/2 + 6*z. Let o be v(1). Let r be (-2)/6 - 16/o. Let m(t) = t**2 - 8*t + 4. Give m(r).
-11
Let m(f) = 4*f + 9. Let o be (-17 - (-3)/(-3))*(-7)/(-14). Let v(t) = t**2 + t + 25. Let z be v(o). Let l = z + -103. Give m(l).
-15
Let r(n) be the first derivative of -1/2*n**2 + 4*n + 45. Give r(-3).
7
Let k(l) be the first derivative of 18*l**2 + 212*l - 7579. Calculate k(-6).
-4
Let d = -18 - -24. Suppose d*g - 3*g = 0. Let u(s) = 32*s**2 + s + 7 - 31*s**2 - s**3 + 3. Determine u(g).
10
Let k = 40 - 34. Suppose -k*p = -p - 10. Let z(s) = -s + 0 - 2 + 2 - 7*s**p - s**3 - 2. Give z(-7).
5
Let w(a) = -4*a + 8*a + 37 - 12 + 21*a + 3*a + 3*a**2. Determine w(-8).
-7
Let u = -9020 + 9006. Let d(b) = 5*b + 81. What is d(u)?
11
Suppose 0 = v + 1, 0 = -5*n + n - 5*v + 19. Let y(z) = -86291*z**3 - 12 + 86290*z**3 + 6*z**2 - 4*z + 16. What is y(n)?
-20
Let o(w) = 3*w. Let j(y) = 7*y - 16. Let h be (-2)/(-15) + 387/135. Let n be j(h). Determine o(n).
15
Let l(y) = -y**2 + 5*y - 8. Suppose 3*s + 2*w - 165 = 17, 2*w - 240 = -4*s. Suppose 32*a + 130 = s*a. Determine l(a).
-8
Let b be (-1)/(-2) + 8/16. Let i be 1/b + (-3 - 0). Let v(m) = 3*m + 2 - 1 + 4*m - 6*m. What is v(i)?
-1
Let b(f) = -f**2 - 10*f + 6. Let i(s) = 3*s**2 + 4*s - 5. Let d(c) = -c**2 + 1. Let t(z) = 2*d(z) + i(z). Let w(m) = -2*b(m) - 5*t(m). Determine w(-3).
-24
Let l(t) = 8*t - 175. Suppose -478 = -13*h - 192. What is l(h)?
1
Let w(y) = 7*y**2 - 7*y - 9. Suppose -3 - 9 = 3*d - 3*s, -d - 13 = -4*s. Give w(d).
5
Suppose 4*q = s + 18, 3*s - 5*q = -s - 17. Let d(l) = 23*l - l**3 + 2*l**s - 15*l - 10*l. Give d(3).
-15
Let r be 24/16*(-4)/9*-6. Let u be 5*30/15*2/r. Let g be 3/(-1) - (3 + 2 - u). Let k(p) = -p**2 - p + 2. Give k(g).
-4
Suppose -89*s + 22 = 26*s - 93. Let h(r) = 81*r**2 + r - 1. Calculate h(s).
81
Let o be 19/(-38)*3*2 - -14. Let s(h) = -5*h + 4. Calculate s(o).
-51
Let d = -744 + 747. Let s(b) = 1 - b**2 - 1 + d + 1 + 6. Determine s(4).
-6
Let c = -243 - -247. Let z(k) = -6*k - 5 - 5*k + 2 - k**3 - c - 9*k**2. 